 -4*f + 401 = g*p + p, -5*p + 4*f = -615. Is p a composite number?
False
Let z be (-4)/(-8)*3*-4. Let o(l) = l + 8. Let i be o(z). Suppose 2*r - 508 = -i*r. Is r composite?
False
Suppose 0 = -2*a + 5*h + 4305, -3*h = -5 + 2. Is a a prime number?
False
Suppose 0 = -3*y + 42*y - 417807. Is y prime?
False
Let x = 1 - -2. Suppose x*f + f - 16 = 0. Is ((-156)/18)/(f/(-30)) a composite number?
True
Is (-128)/(-352) - 829194/(-22) composite?
False
Let l = 19 - 16. Suppose -4*z - 3*d - 6 = 0, z - l*z - 5*d = 10. Suppose -o + 413 = 2*x, 0 = -2*o - z*o + 3*x + 812. Is o prime?
True
Suppose -11064 - 7676 = -4*w. Is w composite?
True
Suppose -4 = -j - 3*g + g, -3*j - g + 17 = 0. Suppose -2*t - 3*q + 3 = 0, -t - 4*q - 5 = j. Suppose -111 = -t*m + 6*m. Is m composite?
False
Is 17774/10 + (-8)/20 a composite number?
False
Let z = 10082 + -6979. Is z a prime number?
False
Let g be (-1)/2*(-4 + 0). Suppose 0*h = 4*h - 484. Suppose -q + g*q = h. Is q a composite number?
True
Let x = 8988 - 4149. Is x prime?
False
Let o(b) = -830*b**3 - 3*b**2 - 6*b - 3. Is o(-2) prime?
True
Let a = 62982 - 44413. Is a composite?
True
Let r(z) = 305*z**2 + 3*z - 7. Is r(2) prime?
False
Suppose -t + 23429 = 2*t + 2*i, 2*i = 2*t - 15616. Suppose -3*b + 6*w = 3*w - 23457, 4*w = -b + t. Is b a composite number?
False
Let r be (-5 - -4)*(0 - 36). Is r/4 + -4 + 884 a composite number?
True
Suppose -10*a - 23 = 27. Let j(s) = -34*s + 13. Is j(a) composite?
True
Let j(p) = 52*p**2 + 13*p + 1. Is j(8) composite?
False
Suppose -3*n - 4*s - 3 = 0, -5*s - 6 = -4*n + 21. Let c be 4/10*n*5. Suppose 2645 = c*j - j. Is j a prime number?
False
Let p(o) = -3*o**2 - 2 + 0*o**2 + 5*o**2 - 2*o**3 + 6*o - 2*o. Is p(-4) prime?
False
Suppose 334 = -2*f + 1028. Is f a composite number?
False
Let p be -7 + (1 - 6)*1. Is (-21832)/p*12/8 a composite number?
False
Suppose -74408 + 436434 = 38*t. Is t a composite number?
True
Let t be 5/5 + 5/(10/6). Suppose -3*x = t*y - 6*x - 4168, 5*y - 5211 = 4*x. Is y prime?
True
Let f(r) = 3*r + 27*r**2 - 1 + 106*r**2 + 2. Is f(-1) a prime number?
True
Suppose -2*r + 3 = -7. Suppose 139 = 2*v + r*d, d = -3*v - 3*d + 219. Is v a composite number?
True
Let v(d) be the first derivative of 26*d**3 + d**2/2 - 9. Is v(-1) a composite number?
True
Suppose -4*g = -2*j - 27204, 4*g - 8*j - 27200 = -5*j. Is g a prime number?
True
Suppose 0 = -2*m + y - 0 + 3, 4*m = -4*y + 12. Suppose -3*r + m*z = 141, 4*r + 143 + 45 = 5*z. Let a = r + 141. Is a a prime number?
False
Let o(k) = 560*k**3 - k**2 - 13*k + 1. Is o(5) a composite number?
False
Let z = 170249 - 109637. Suppose -u - z = -13*u. Is u a prime number?
True
Let x(a) = -1854*a + 85. Is x(-6) prime?
False
Let n = 44 - 21. Suppose n*v = 20*v + 6735. Is v a composite number?
True
Let z be -13 + 3/1 + -3. Let t = z - -16. Suppose -t*v - 4 = -4*v, 0 = 4*p - v - 1992. Is p a prime number?
True
Is 4/(-38) - 50/(-475) - -587 a prime number?
True
Let d be 791/2 + 1/(-2). Suppose -4*m + 276 = 260. Suppose -2*u + 649 = 5*a, -m*a + u + 119 = -d. Is a a composite number?
True
Suppose 82 - 23 = 5*u - 2*m, 29 = 2*u + m. Let w = -8 + u. Suppose 96 + 296 = 2*h - w*k, 5*k = h - 201. Is h a composite number?
False
Suppose -33*q = -11279 + 1544. Let s(h) = h**3 - h**2 + h + 24. Let b be s(0). Let o = b + q. Is o a composite number?
True
Let f(y) = 82*y - 9. Let d be f(-5). Let w = -236 - d. Is w composite?
True
Suppose i = -2*i - 4*d + 11, 10 = i - 5*d. Suppose 5*h = a + 2, -a - i*h = -0*a + 2. Is a - 2*(-3460)/8 a prime number?
True
Is (-4)/44 + ((-23993200)/(-121))/10 a composite number?
True
Suppose 2*k = 3*k. Suppose k = 4*d - 9*d + 3365. Is d a prime number?
True
Suppose c + 3*c = -w + 30, -5*w - 42 = -4*c. Suppose -3*k + c = -u + 25, 4*k = u - 20. Let j(o) = o**2 - 2*o + 5. Is j(u) prime?
True
Let c(l) = -l**3 + 2*l**2 + 6*l - 2. Suppose 7 = 2*n - b - 0*b, 4*b - 27 = -3*n. Suppose -17 = n*w - 2*d, 2*w + 1 = 3*d + 3. Is c(w) a composite number?
True
Suppose 6*f + 7257 = 53499. Suppose -f = -4*d - 3*d. Is d a composite number?
True
Suppose 2026 = z + 3*v, 5*z - 4*v - 10202 = -v. Suppose -2*d - 478 = -c, -3*c + 5*d + z = 604. Is c a prime number?
False
Suppose -3*i = 3, 3*a + 21*i - 25*i - 108883 = 0. Is a a composite number?
False
Suppose -p - 28106 = -2*z, -56220 = 9*z - 13*z + 4*p. Is z a composite number?
False
Let h(t) = -28*t - 6 - 10 + 14. Let n be h(-3). Let i = -36 + n. Is i prime?
False
Suppose -3*g = f - 2, 9*f - 22 = 4*f - 3*g. Suppose f*v - 1031 + 16 = 0. Is v prime?
False
Let l be 1/4 + 322/(-8). Is 4/l*-5*914 composite?
False
Let s = 107 - 103. Suppose -4*c + 1020 = s*p, 152 = c - 5*p - 79. Is c composite?
False
Suppose 4*x - 62558 = 5*w, -3*x - 10107 = 2*w - 57014. Is x a composite number?
True
Suppose -k + 2*k = 7. Let g be 2655/(-7) - (-2)/k. Is g/(-2) - 6/(-4) a composite number?
False
Suppose 12421 = -4*v + 32401. Suppose 7*l - 1018 - v = 0. Is l composite?
False
Let q = -397 - -213. Suppose -4*t - i = -5, -t - t - i = -3. Let b = t - q. Is b composite?
True
Let i be -2 - 2*(-12)/8. Let d be -3 + 34 + 2 + i. Let q = 119 - d. Is q a composite number?
True
Suppose 0 = 10*a - 9645 - 10885. Is a prime?
True
Let h = 34 + -32. Suppose h*v = 3*v. Suppose v = -3*a + 44 + 247. Is a prime?
True
Let x = 8443 - 2974. Is x composite?
True
Let z = -382 - -565. Let t = 232 + z. Is t a composite number?
True
Let h = 3 - 2. Let t be -28*3/(-6)*h. Suppose u - t = -u. Is u a composite number?
False
Let n be (-2)/(-3)*3/2. Suppose 0 = 2*w - 3 - n. Suppose -w*d + 118 = -4*o, 4*d + 58 - 276 = -o. Is d a prime number?
False
Let m = 29 + 1. Suppose g - 425 = -m. Is g a prime number?
False
Let f = 20 + -19. Suppose -1 = 2*v + f. Is v*2/(-4)*466 a composite number?
False
Let u(m) = 8*m**3 + 25*m**2 - 39*m + 7. Let w(f) = -7*f**3 - 25*f**2 + 40*f - 7. Let k(z) = 6*u(z) + 7*w(z). Is k(-30) a composite number?
True
Let p(a) = -3*a**3 + 2*a**2 - 7*a. Let n(i) = i**2. Let b(x) = 3*n(x) - p(x). Let u be b(7). Suppose y - 1853 = -5*v + 4*y, -u = -3*v - 2*y. Is v composite?
False
Suppose 2*u - 60 = -0*u. Let h = 107 - u. Let n = 151 - h. Is n a prime number?
False
Suppose 3*g + 188347 = 22*g. Is g prime?
False
Let s(i) = 53*i - 6. Let d = -41 + 42. Is s(d) a composite number?
False
Let n = 378 - -625. Is n composite?
True
Suppose 2*q = 72 + 8. Let j be (48/q)/(2/(-170)). Let y = j + 181. Is y a prime number?
True
Let a = 1895 - -2666. Is a prime?
True
Is (-121492)/(-8) + 6/12 composite?
False
Let h(c) = -359*c - 254. Is h(-12) a composite number?
True
Let m(h) = 16*h**3 - 2*h**3 - 4*h**3 + 5 - 4*h**2. Is m(3) prime?
True
Let c(b) = 33*b + 7 + 4 - 18. Is c(18) prime?
True
Let c be -1 - (0 + 3 + -3) - 3. Is (-118)/c*(10 + -8) a composite number?
False
Let y(t) = -t**3 - 13 - 6*t + 4*t - 6*t - 4*t. Let j be y(-7). Let f = 599 - j. Is f composite?
True
Suppose 3*i - 631 + 7806 = 4*v, 4*i = -4. Let q = 2988 - v. Is q prime?
False
Let g(k) = -k**2 - k + 349. Let q be g(0). Let d = q + -172. Suppose 5*b - j - 434 = 0, 0*b + 3*j = -2*b + d. Is b a prime number?
False
Let m be 149/((-14)/(-4) + -3). Suppose 3*p - 5*t = 2*p + m, 3*t - 876 = -3*p. Is p prime?
True
Let g = 1061 + 6473. Is g a prime number?
False
Let s(y) = -2*y + 30. Let t be s(15). Suppose 620 = 3*m + 5*g, 2*m - 3*g + 191 - 598 = t. Is m a prime number?
False
Is 2/(-3) + 19/(171/138507) composite?
True
Suppose 0*m + 1 = -m, a = m + 3. Let v = 2 + a. Suppose 0 = -0*y - v*y + 812. Is y a prime number?
False
Suppose 4*d - d - 2*h - 6766 = 0, 4*d - 9023 = h. Suppose 0 = -5*q + m - 0*m + d, 1352 = 3*q + m. Is q a prime number?
False
Suppose 4*d - c - 13 = 0, -3*d - 16 - 3 = 5*c. Suppose 4*f + m - 24 = 0, 3*m + 11 = 3*f + d*m. Suppose f*p = 7*p - 74. Is p composite?
False
Let d(v) = v - 7. Let j be d(9). Suppose 3*m + 5*i - 270 = 0, j*i - 163 = -2*m + 13. Is m prime?
False
Suppose -2*i + 3902 = -162. Suppose 0 = 5*h + 5*u - 3315, 63 = -3*h + 2*u + i. Is h prime?
True
Suppose -3*v + 3*a = -51492, 7*a - 6*a - 34337 = -2*v. Is v a composite number?
False
Suppose -4*n + 138563 + 100149 = -4*w, 0 = n - 5*w - 59682. Is n a prime number?
False
Let s(i) = -4*i**3 + 2*i**2 - i. Let g be s(1). Is (364 + -1)*g/(-9) composite?
True
Suppose 5*d - 1303 = -2*z, 0 = -3*d - 2*z - 3*z + 797. Suppose 0 = -3*a + d + 494. 